ainder when 91 is divided by a?
29
Suppose -2*k + 637 = -5*l, 55*k - 56*k + 314 = 2*l. What is the remainder when k is divided by 55?
41
Let q = 86 + -5. Calculate the remainder when q is divided by (83/(-7) - (846 + -851))/((-4)/14).
9
Let t(w) = w**3 + 5*w**2 - 5*w + 11. What is the remainder when t(-6) is divided by -1*1 + 85/17?
1
Let z = 19 - -1. Suppose 2*k - k = z. Let g = -702 - -760. Calculate the remainder when g is divided by k.
18
Let g be (16/12)/((-3)/9). Suppose 4*n - 4*u - 60 = 0, 5 = 25*u - 30*u. What is the remainder when n is divided by 4/6*(7 + g)?
0
Suppose -z - 2*j - 232 = -1233, -3*z - 7*j + 3009 = 0. Calculate the remainder when z is divided by 165.
164
Suppose z = -2*x - x + 642, 2*x - 645 = -z. What is the remainder when z is divided by 9?
3
Suppose 705*g - 707*g - 4*n + 30 = 0, 3*g - 50 = -5*n. Calculate the remainder when 687 is divided by g.
12
Let r(h) = -118 + 5*h + 24*h + 3*h**2 + 161 - 134. What is the remainder when r(-25) is divided by 20?
19
Let k = -1368 + 1621. What is the remainder when 531 is divided by k?
25
Suppose q + z + 14 = 0, 8 + 7 = 3*z. Let s = 40 + q. Calculate the remainder when 39 is divided by s.
18
Let v(i) = 37*i**2 - 25*i + 43. Calculate the remainder when 979 is divided by v(2).
133
Let a = -6631 - -6658. What is the remainder when 89 is divided by a?
8
Suppose 0 = -20*f + 21*f + 4*z - 89, 5*f - 313 = 2*z. What is the remainder when 445 is divided by f?
55
Let m(o) = o**2 - 3*o - 13. What is the remainder when 2531 is divided by m(7)?
11
Let h = 87 - 75. Suppose 18*g - 180 = h*g. Calculate the remainder when 267 is divided by g.
27
Suppose 106 = 44*i - 35*i + 16. Suppose -3*p + 45 = -3*a, 4*p + 3*a - 55 = 2*p. What is the remainder when p is divided by i?
0
Let p = 42 + 65. What is the remainder when p is divided by ((-56)/(-280) - (-19)/(-5))/((-3)/10)?
11
Let m be 0/(5/((-10)/4)). Suppose m = -2*a - 4*j - 36, -2*j = 2*j + 12. Calculate the remainder when 59 is divided by (-10)/(-2 - a/8).
19
Let s(r) = -79*r - 20. What is the remainder when 1292 is divided by s(-1)?
53
Let k(l) = 0*l - 25 + l + 9 + l - 29. Calculate the remainder when k(28) is divided by 6.
5
Suppose 359 = j + 4*r, -909*j = -904*j - 3*r - 1772. Calculate the remainder when j is divided by 252.
103
Suppose 15 = 4*d - 25. Suppose 11*q + 51 = -6*q. What is the remainder when q*-16*(-2)/(-6) is divided by d?
6
Let o = -2564 + 2668. What is the remainder when 244 is divided by o?
36
Suppose -m = -3*h - 26 - 3, 5*m + 5*h - 85 = 0. Calculate the remainder when 235 is divided by m.
15
Suppose 0 = -248*h + 239*h - 1284 + 7395. What is the remainder when h is divided by 111?
13
Suppose 6*d - 9*d + 1976 = 35*d. Calculate the remainder when d is divided by 20.
12
Let k be 9*((-448)/(-24))/7 + 2. Suppose y = 3*n - 3*y - 35, n = -y. Suppose 0 = -n*q - 4*t + 95, -5*t - 1 = -k. What is the remainder when 23 is divided by q?
8
Calculate the remainder when 1076 is divided by (-1442)/412 - (-31)/2.
8
Suppose -163*l + 158*l + 73 = -n, l - 3*n = 23. What is the remainder when 43 is divided by l?
1
Suppose -9*i - 15 = -10*i - 3*w, -3*w = 5*i - 111. What is the remainder when 473 is divided by i?
17
Let w = 52722 + -52204. Let u = -1 - -27. What is the remainder when w is divided by u?
24
Let d = 7782 - 7035. What is the remainder when d is divided by 36?
27
Let z(x) = -9*x**2 + 32*x - 55. Let c(s) = 2*s**2 + s + 1. Let t(d) = 4*c(d) + z(d). Calculate the remainder when 62 is divided by t(34).
11
Let m = 173 + -190. Let h = 34 + m. Calculate the remainder when 27 is divided by h.
10
What is the remainder when 4*3830/((-140)/(-14)) is divided by 24?
20
Let y(q) = 3*q**2 - 9*q - 55. Suppose 4 = w + 3*k, -w - 6*k = -2*k - 3. What is the remainder when 39 is divided by y(w)?
10
Let f = -57 + 48. What is the remainder when (-6)/4*(-37 + f) is divided by 35?
34
Suppose 0 = -2*s + 6*c - 2*c + 12, 58 = 5*s - 3*c. Suppose 6*q + 90 - 252 = 0. What is the remainder when q is divided by s?
13
Let t be ((-930)/8)/((-9)/(-24)). Let x = 364 + t. What is the remainder when x is divided by 28?
26
Let l(v) = 2*v**2 - 1. Suppose -19*x + 20*x - 97 = s, 2*x - 3*s = 189. What is the remainder when 28/(-7)*(x/(-8) + 5) is divided by l(-3)?
14
Suppose -111 = 37*n + 257 + 113. Let p(l) = -l**3 - 11*l**2 + 10 + 0 + 0*l**3 + 16*l. What is the remainder when p(n) is divided by 47?
46
Suppose 5*f + 2*o = 5, 0*f - 2*f + 2 = 2*o. Suppose f = 2*t + 11. Let v(u) = 2*u**2 + 7*u + 2. What is the remainder when 84 is divided by v(t)?
16
Let s(f) be the first derivative of f**3/3 - f**2/2 - 13*f + 1. Let n be (26/(-10) - -2) + 44/(-10). What is the remainder when 80 is divided by s(n)?
12
Let f be 3 + (-3 - -1) + 20. Suppose -x + j = -f, x - 4*j = -2*j + 18. What is the remainder when 25 is divided by (x/(-9))/(-4)*21?
11
Suppose h + h = 34. Calculate the remainder when ((-12300)/(-375))/((-8)/(-70)) is divided by h.
15
Suppose 0 = 278*c - 284*c + 6. Let k(b) be the first derivative of 18*b**2 + 4*b + 1. Calculate the remainder when k(c) is divided by 7.
5
Suppose -3*g + g + 3*f = 11, g - 5*f + 16 = 0. Let b be 8 - (4 - (g - -5)). Let p = b - -10. What is the remainder when 32 is divided by p?
14
Let c = -14229 - -14533. What is the remainder when c is divided by 69?
28
Let o(n) = 2*n**2 - 3*n - 3. Suppose -2*f = 2*d - 130, 5*f + 251*d = 288*d - 263. Calculate the remainder when f is divided by o(5).
19
Let a = 40524 - 39817. What is the remainder when a is divided by 89?
84
Let w = -1866 + 1902. Calculate the remainder when 106 is divided by w.
34
What is the remainder when 484 is divided by 150/(-1000) - (-3789)/60?
43
Let j be 1 + 2 + -6 + 5. Suppose -7*m - j*m + 279 = 0. Calculate the remainder when 340 is divided by m.
30
Suppose 0 = -7*t + 6*t + 2*r + 531, 4*t - r = 2096. What is the remainder when t is divided by 23?
17
Suppose -4*l + 6 + 3 + 27 = 0. Calculate the remainder when 619 is divided by l.
7
Suppose 34 = -7*p - 36. What is the remainder when 554*(4 + 35/p) is divided by 31?
29
Suppose -3*h = -5*w - 187, 4*w - 3*w = -2*h + 103. Let v = -34 - -36. Calculate the remainder when h is divided by ((-7)/28)/(v/(-152)).
16
Let f = -148 + 179. Let u = 38 - f. What is the remainder when u is divided by 1?
0
Suppose 4*o - 326 = -4*c - 94, -4*o = -12. What is the remainder when 39654 is divided by c?
54
What is the remainder when 16797 is divided by (9303/886)/((-6)/16*-2)?
11
Let f(g) = -g**2 - 23*g - 117. Let n be f(-15). Suppose -2*h = u - n*h - 49, -112 = -2*u - 5*h. Calculate the remainder when 254 is divided by u.
50
Let k be (-2)/4 + 14/4. Suppose 118 = -k*d + 2*d - 5*l, -d - l - 130 = 0. Let p = -117 - d. What is the remainder when p is divided by 9?
7
Let j(p) = 234*p - 2130. What is the remainder when j(16) is divided by 36?
30
Suppose k - 13 = -2*c, 2*k - 2 - 6 = 5*c. What is the remainder when 110 is divided by k?
2
Let q = 20667 + -20607. What is the remainder when 8517 is divided by q?
57
Let b = -136 + 294. Suppose 5*a - 203 = -2*m, 3*m = 3*a - b + 32. What is the remainder when 202 is divided by a?
38
Suppose -31*w - 2*q = -27*w - 1416, 5*q = w - 354. Calculate the remainder when w is divided by 159.
36
What is the remainder when 1712 is divided by 195/(-2)*((-588)/(-35))/(-21)?
74
Let s(l) = -l**2 + 21*l - 85. Suppose -3*b + 0*b = -63. Calculate the remainder when b is divided by s(15).
1
Let y(f) = 2*f + 3. Let g(p) = -1. Let k(i) = -4*g(i) - y(i). What is the remainder when (-14)/(-140)*(24 - -306) is divided by k(-8)?
16
Let w(u) = -22*u**3 - 2*u**2 + 15*u + 105. What is the remainder when w(-4) is divided by 112?
77
Suppose -1520 = -4*q - 2*b, -8*q - 3*b = -12*q + 1510. Suppose -13*x + 648 = -q. Calculate the remainder when x is divided by 40.
39
Let x = -20 - -14. Suppose -3*h + 5*a + 36 = 0, 12 = h + 14*a - 19*a. Calculate the remainder when 6*5*(-9)/x is divided by h.
9
Suppose 5*d - 26 = -l, -15*l + 10*l + 211 = -2*d. What is the remainder when l is divided by 13?
2
Suppose 2*s = i + i - 34, 4*i + 3*s = 40. Suppose 0 = -4*p - 157 + 1213. Suppose 5*q - p = 2*q. What is the remainder when q is divided by i?
10
Let g = -10145 + 10429. What is the remainder when g is divided by 96?
92
Let i(z) = 3*z**2 - 292*z - 3979. What is the remainder when i(-